
What is the greatest common factor of 1634 and 9718?
86
What is the highest common factor of 84720 and 200?
40
Calculate the highest common factor of 50 and 16325.
25
Calculate the highest common factor of 140922 and 90.
18
What is the highest common factor of 1402106 and 1246?
178
Calculate the greatest common factor of 23875 and 375.
125
Calculate the greatest common factor of 670 and 201938.
134
What is the greatest common divisor of 157572 and 2133?
27
What is the greatest common factor of 47358 and 270?
54
Calculate the greatest common divisor of 3312 and 1728.
144
What is the greatest common factor of 45799 and 338?
169
Calculate the highest common divisor of 3785519 and 449.
449
What is the greatest common divisor of 31 and 20522?
31
What is the greatest common factor of 739908 and 221?
221
Calculate the highest common factor of 376 and 83284.
188
Calculate the greatest common factor of 159 and 1548.
3
What is the greatest common factor of 159808 and 4928?
704
What is the highest common factor of 16 and 1241096?
8
Calculate the highest common divisor of 9556 and 76.
4
What is the highest common factor of 6808 and 65527?
851
Calculate the greatest common divisor of 83 and 532943.
83
Calculate the highest common factor of 77508 and 408.
12
What is the greatest common factor of 5350 and 46?
2
Calculate the highest common factor of 445090 and 290.
10
What is the highest common divisor of 300132 and 189?
189
Calculate the greatest common factor of 208 and 189865.
13
What is the highest common divisor of 12336 and 13584?
48
Calculate the greatest common factor of 465 and 15438.
93
Calculate the greatest common divisor of 1346 and 38.
2
Calculate the greatest common factor of 25 and 16127425.
25
What is the highest common divisor of 2548 and 7840?
196
What is the highest common factor of 104 and 145769?
13
Calculate the greatest common divisor of 3052 and 345639.
763
What is the greatest common factor of 11961 and 1433991?
1329
Calculate the greatest common factor of 48 and 309060.
12
What is the greatest common factor of 18886 and 22477?
133
What is the highest common divisor of 492 and 147372?
12
Calculate the highest common divisor of 3424 and 1788184.
856
What is the highest common divisor of 2432 and 1112?
8
Calculate the greatest common divisor of 198209 and 111.
37
What is the greatest common divisor of 70 and 29288?
14
Calculate the greatest common divisor of 41536 and 1904.
16
What is the greatest common divisor of 1197 and 18639?
171
What is the highest common factor of 9455 and 13330?
155
What is the greatest common divisor of 1541 and 1139?
67
What is the greatest common factor of 10088 and 8632?
104
What is the greatest common divisor of 1216 and 84208?
304
Calculate the greatest common factor of 2112 and 3238752.
1056
Calculate the greatest common divisor of 959469 and 854.
427
Calculate the highest common factor of 596754 and 14649.
771
What is the greatest common divisor of 4371387 and 57?
57
What is the greatest common divisor of 15 and 131808?
3
Calculate the highest common divisor of 12206 and 34.
34
What is the highest common factor of 375 and 250275?
75
What is the greatest common factor of 19840 and 2944?
128
What is the greatest common factor of 307777 and 899?
29
What is the highest common divisor of 803418 and 1386?
462
What is the greatest common divisor of 1401 and 1461?
3
Calculate the greatest common divisor of 116873 and 1022.
73
What is the highest common factor of 23 and 1881423?
23
Calculate the highest common divisor of 12232 and 264.
88
What is the greatest common divisor of 24867 and 1863?
81
Calculate the greatest common divisor of 159895 and 4520.
565
What is the highest common factor of 75 and 69575?
25
What is the highest common factor of 430 and 1071474?
86
Calculate the greatest common factor of 12 and 247602.
6
Calculate the greatest common factor of 3480 and 1320.
120
What is the highest common factor of 2827 and 79413?
257
What is the highest common divisor of 41706 and 161?
7
What is the highest common factor of 4138 and 6?
2
Calculate the greatest common divisor of 516 and 1476.
12
What is the highest common divisor of 46 and 3107415?
23
Calculate the highest common factor of 12204 and 2964.
12
What is the greatest common divisor of 656355 and 1410?
705
What is the greatest common factor of 7620 and 96?
12
Calculate the highest common factor of 14459 and 304.
19
What is the highest common factor of 23848 and 6233?
271
Calculate the highest common factor of 3111 and 6954.
183
What is the highest common divisor of 17 and 46393?
17
Calculate the greatest common divisor of 9741 and 5848.
17
What is the greatest common factor of 43868 and 220?
44
What is the greatest common factor of 8718 and 24?
6
What is the greatest common divisor of 106430 and 1218?
58
What is the highest common divisor of 32 and 67376?
16
What is the greatest common factor of 1701003 and 51?
51
What is the greatest common divisor of 42708 and 228?
12
What is the greatest common factor of 1540325 and 100?
25
Calculate the highest common divisor of 42940 and 40.
20
What is the greatest common divisor of 22246 and 11319?
49
Calculate the highest common factor of 57318 and 738.
246
Calculate the highest common factor of 108 and 23388.
12
Calculate the greatest common divisor of 45 and 330003.
9
What is the highest common divisor of 23 and 157481?
23
Calculate the greatest common factor of 960 and 322880.
320
What is the highest common factor of 18656 and 9856?
352
Calculate the highest common divisor of 26 and 956189.
13
What is the greatest common factor of 16470 and 189?
27
Calculate the highest common factor of 4433 and 1829.
31
Calculate the highest common divisor of 9 and 13596.
3
Calculate the highest common factor of 7029 and 5643.
99
What is the greatest common factor of 41393 and 99?
11
Calculate the greatest common factor of 395752 and 2590.
518
What is the highest common divisor of 6944 and 216?
8
What is the greatest common divisor of 13684 and 44?
44
Calculate the highest common factor of 4 and 162428.
4
What is the highest common factor of 124668 and 108?
36
Calculate the greatest common factor of 716 and 129238.
358
What is the highest common factor of 57996 and 432?
108
What is the highest common factor of 22864 and 52?
4
What is the greatest common divisor of 5948 and 3891479?
1487
Calculate the highest common factor of 13 and 322127.
13
Calculate the greatest common factor of 72 and 3358314.
18
Calculate the greatest common factor of 1360 and 5644.
68
What is the greatest common factor of 324 and 131844?
12
Calculate the greatest common factor of 68 and 2896.
4
What is the greatest common divisor of 69 and 173880?
69
What is the greatest common factor of 58712 and 984?
328
What is the highest common factor of 38412 and 271212?
1164
Calculate the highest common divisor of 656096 and 203.
203
Calculate the greatest common divisor of 2695 and 4125.
55
Calculate the highest common divisor of 120501 and 18.
9
Calculate the highest common factor of 880810 and 140.
70
Calculate the greatest common factor of 6960 and 1843008.
1392
What is the greatest common factor of 158 and 1738?
158
What is the greatest common factor of 54 and 7713414?
54
What is the greatest common divisor of 371 and 19873?
7
Calculate the highest common divisor of 113216 and 8004.
116
Calculate the greatest common divisor of 12070 and 10234.
34
Calculate the highest common factor of 83 and 164921.
83
What is the highest common factor of 1343 and 25279?
17
Calculate the greatest common factor of 33198 and 198.
66
What is the highest common divisor of 1752 and 1576216?
584
Calculate the greatest common factor of 17784 and 3672.
72
Calculate the highest common factor of 10293 and 5913.
219
Calculate the highest common divisor of 23472 and 128.
16
What is the highest common factor of 43844 and 388?
388
What is the greatest common factor of 111810 and 30?
30
Calculate the highest common factor of 210410 and 530.
530
What is the greatest common divisor of 4413742 and 58?
58
What is the greatest common divisor of 41 and 186796?
41
Calculate the highest common divisor of 340 and 44404.
68
What is the greatest common factor of 2212 and 389944?
316
Calculat